 1/120*s**6 - 4. Give r(7).
4
Let v(j) = j**3 - 9*j**2 + 6*j + 11. Let d(y) = -y**3 - 7*y**2 - 14*y - 12. Let k be (0 - 1) + (-1 - -2 - 5). Let n be d(k). Calculate v(n).
-5
Let o(r) = -7*r**2 + r - 1. Let l be o(1). Let g = 16 + l. Let z(f) be the third derivative of -f**5/60 + 7*f**4/24 + 3*f**3/2 - 76180*f**2. Determine z(g).
-9
Let y(r) = -3*r + 6. Suppose -7*j = -6*j - 3, d + 2*j - 3 = 0. Let o(x) = 10*x + 24. Let n be o(d). Calculate y(n).
24
Let l(u) be the second derivative of -u**4/12 + u**3/6 + u**2 - 320*u. Let h(s) = s**3 + 14*s**2 - 5*s - 3. Let d(b) = h(b) + 4*l(b). Give d(-10).
15
Let i(p) be the second derivative of -7/2*p**2 + 0 - 2/3*p**3 + p. Let z be (-6)/((-1764)/(-70) + -24). Calculate i(z).
13
Suppose -20 = 14*b - 19*b. Let z be ((-84)/(-16) - 3)*b. Let s(y) = 6 - 3 + 6 - z*y + y**2. Calculate s(7).
-5
Let y(c) be the first derivative of -c**4/4 - 16*c**3/3 - 15*c**2/2 + 19*c + 5345. Calculate y(-15).
19
Suppose 2*m - m - 3 = 0. Let n(u) be the third derivative of -u**2 + 0*u - 1/2*u**3 - 3 - 1/8*u**4. Calculate n(m).
-12
Let w(z) = -z**3 - 4*z**2 + 4*z - 1. Suppose 41*g = 46*g - 10. Suppose -5*x + 2 = g*c - 3, -2*c + 2*x - 16 = 0. What is w(c)?
4
Suppose 4*s - 73 = 7*l - 4*l, -77 = -5*s - l. Let w = -84 - -89. Let k(a) = -s + 24 - w*a + 2*a + 2*a. Calculate k(7).
1
Let h(r) be the second derivative of -r**4/12 + 7*r**3/6 + 19*r**2/2 + 6*r + 37. Determine h(10).
-11
Let a(x) = -5*x + 541. Let g(c) = 4*c - 537. Let s(d) = -4*a(d) - 3*g(d). Calculate s(69).
-1
Let h(g) = -g**3 - 11*g**2 - 9*g + 3. Suppose -168 = 5*n + 887. Let r = n + 201. Calculate h(r).
-7
Let y(s) = -39*s + 9. Let k be y(0). Let j(h) = h**3 - 9*h**2 + h + 20. Determine j(k).
29
Let j(h) = h**3 + h**2 - 14*h - 18. Let t be j(-3). Let g(a) = -2 + 61*a - 62*a - t - 9. What is g(0)?
-17
Let m be (-4)/1*(-36)/48. Suppose 0 = -4*c + 4, -2*i - m*i = -c + 26. Let v(w) = -5 - 5 - 165*w + 164*w. Determine v(i).
-5
Let l = -37 + -96. Let i = l - -131. Let j(c) = -3*c**3 - c**2 + 3*c + 2. Give j(i).
16
Let k(y) = 4*y**2 - 2*y - 22. Let q(x) = -x**3 - 4*x**2 + 4*x - 12. Let d be q(-5). Let l(w) = w**2 - 2*w - 7. Let u(v) = d*l(v) + 2*k(v). Determine u(-11).
16
Let v(r) = -r**3 - r**2 - r - 13. Let m = 26 - 68. Let l be m - 4/(-2 - -1). Let c = -38 - l. Give v(c).
-13
Let h be -1 + (1 - -1) + 8. Let l = 4 + -2. Let k(m) = h*m**3 - 18*m**3 + m - 21 - m**l + 10*m**3. What is k(0)?
-21
Suppose 0*b - 18 = -9*b. Suppose 8 = b*u + 2*h, 4*u - h - 33 = -2. Let y(r) = -143*r + u + 73*r + 73*r. Give y(-6).
-11
Let n be 4/7 - 48692/(-196). Let y = n - 250. Let l(p) = p. Give l(y).
-1
Let h(x) = x - 3*x**2 + 281*x**3 - 567*x**3 - 2 + 3*x + 280*x**3 - 3*x. Determine h(-3).
130
Let r = 5 - 5. Suppose m - 6*m - 30 = r. Let d(z) = -5 + 5*z**2 + 0*z + 3*z + z + 2*z**2 + z**3. What is d(m)?
7
Let a(z) = -11*z**3 + z**2. Let b = 26 - 43. Let n = -14 - b. Suppose 7 = 2*v - 5*g, v - 5*g - n = 3*v. Give a(v).
-10
Suppose 17 = 15*v - 28. Let b(u) be the first derivative of -4*u**3/3 - u**2/2 + u + 39. Calculate b(v).
-38
Let h(w) be the second derivative of -w**4/3 - w**3/6 + w**2/2 - 2*w. Let u(n) = -n**3 - 47*n**2 - 282*n - 78. Let y be u(-40). Give h(y).
-17
Let b(r) = -2*r - 2. Let d(w) = -18*w + 13*w + 7 + 13*w. Let q(p) = -7*b(p) - 2*d(p). What is q(0)?
0
Let n be ((-19)/(-21) - 1) + 3660/(-1260). Let i(j) = 4*j**2 - 4*j - 5. Calculate i(n).
43
Let a(l) = -l**3 + 3*l**2 - 2*l - 5. Let j = -738 + 741. Calculate a(j).
-11
Suppose 0 = -y + 7*j - 1, -27 = 6*y - 2*y - 5*j. Let h(b) = -8*b - 77. Calculate h(y).
-13
Let t be 4/(-30) - 38/(-285) - -2. Suppose -t*v = -5*p + 33, 6*p = -2*v + p + 17. Let u(n) = 0 - 1 - 3*n + 5*n + n**2. Calculate u(v).
7
Let c(x) = -235*x**2 + 250*x**2 + 65*x - 60*x + 98*x - 6 - 1. Calculate c(-7).
7
Let a(x) be the first derivative of 0*x - 11 + 9 - 28 - 11 + x - x**2. Give a(-8).
17
Let j(a) = a**3 + 4*a**2 + a + 1. Let r(s) = -s**2 - 13*s + 11. Let q be (-192)/14 - 12/42. Let d be r(q). Calculate j(d).
7
Let p(l) = -30 + 12 + 2442*l - 1214*l - 1224*l - 12. Give p(-13).
-82
Let b = 296 + -281. Suppose -b = g - 26. Let w(r) = -r**2 + 11*r - 7. Calculate w(g).
-7
Let r(c) be the third derivative of 1/6*c**3 - 1/24*c**4 + c**2 - 4 + 0*c - 1/40*c**6 + 1/60*c**5. Give r(2).
-21
Let b = 68 - 80. Let p be ((b/9)/(-2))/((-1)/(-3)). Let y(x) = -4*x + p*x**2 - 7*x - 3 + 9 + 4*x. What is y(4)?
10
Let y(q) = -104*q**2 - 1 + 189*q**2 - 83*q**2 - 6*q**3. Suppose 4*m = -0*m + 4. Determine y(m).
-5
Suppose -c + 7*q = 9*q + 1, -3*q = -3*c + 24. Let n(g) = g - 1. Let f(b) = -9*b + 5. Let d(y) = c*n(y) + f(y). Calculate d(3).
-12
Let d(p) = -2*p - 1. Let x(w) = 12*w. Let s(a) = 2*d(a) + x(a). Let y(t) = 19*t - 6. Let k(b) = -7*s(b) + 3*y(b). Calculate k(8).
4
Let w(r) be the second derivative of r**3/6 - r**2 + 3207*r. Suppose 2*h + 5*x - 75 = -3*h, -71 = -5*h - 4*x. Let t = -7 + h. Calculate w(t).
2
Let k be (-4)/(1*(-4 - -2) + 1). Suppose 6*y - 5*y = 3*s - 8, -2*y + k = 4*s. Let v(h) = -3*h - 4. Calculate v(y).
2
Let k(b) be the third derivative of b**4/24 + b**2. Let i = 1740 + -1731. Suppose 3*o + i = 0, 3*o = -5*t + 9*t + 7. Calculate k(t).
-4
Let j be 3/((-3)/(-4)) - -1. Let u(s) = -s + 5. Let t(a) = 3*a - 65610 + 0*a + 65597. Let q(p) = -t(p) - 4*u(p). Determine q(j).
-2
Let h(j) = 13*j + 2. Let d(y) = -y**3 + 30*y**2 - 81*y - 1. Let w be d(27). Determine h(w).
-11
Let b(m) be the first derivative of m**3/3 + 7*m**2 + 21*m + 214. Determine b(-12).
-3
Let u(t) = 742*t + 5994. Let h be u(-8). Let r(v) = -16*v + 928. Calculate r(h).
0
Let b(x) = 25 + x**2 + 2283*x + 2257*x + 0*x**2 - 4509*x. Determine b(-27).
-83
Let g(c) = -2*c - 3. Let r(f) = -f**2 - 24*f - 29. Let j(o) = 414*o + 12. Let a be j(-5). Let p be 4/(-30) - a/(-90). Let k be r(p). Calculate g(k).
9
Let y(n) = 88*n**2 - 2*n - 2. Let z be y(1). Let r = 86 - z. Let b(c) = 3*c**3 - r*c**3 - 4*c**3 + 3 + 4*c**3 - 7*c**2. Calculate b(7).
3
Let o(t) = 31558*t + 1 + 31560*t - 63122*t - 1. Suppose -3*r - 3 = -0*r. Give o(r).
4
Suppose 29*a - 151 - 23 = 0. Let m(g) = 5*g - 10. Let y = -22 + 19. Let i(z) = 9*z - 19. Let r(c) = y*i(c) + 5*m(c). Calculate r(a).
-5
Let a(t) = -2*t + 1. Let z(o) = -o**3 + 16*o**2 + 15*o + 37. Suppose x + 15 = h, h + 6*x - 5*x - 19 = 0. Let p be z(h). What is a(p)?
-5
Let t(l) = 9 - 21 - l**2 + 6 + 4 - 10*l. Let m(s) = -s**3 + 8*s**2 + 10*s - 18. Let y be m(9). Calculate t(y).
7
Let r = -4995 + 5007. Let k(u) = 2*u**2 - 30*u + 10. Calculate k(r).
-62
Let c(b) = -17*b + 4. Let a(y) = -329*y - 7895. Let m be a(-24). Calculate c(m).
-13
Let d be (1 + 4 - -1)/(3/(-28)). Let m = d - -60. Let v(z) = -6*z + 5. Let a(k) = -13*k + 11. Let b(f) = 2*a(f) - 5*v(f). Determine b(m).
13
Let k(q) = -q**3 + 7*q + 6. Let i be k(-3). Suppose -4*v + i = 4*s + 36, 5*s - 33 = 4*v. Let o(n) = 4 + 8*n - 3*n**2 + 6*n**2 - 2*n**2. Determine o(v).
-3
Suppose -6*m + m = -25. Let j(i) = i**3 + 2*i**2 - 3*i. Let g = 3733 + -3731. Let l(b) = -3*b**3 - 3*b**2 + 7*b. Let k(v) = g*l(v) + m*j(v). Determine k(4).
-4
Suppose -27*k + 160 = -10640. Let g = 392 - k. Let j(p) = p**3 + 8*p**2 + 3. Give j(g).
3
Let y(m) = -5*m**3 - m. Suppose 4*w = 4*k - k - 61, -4*w - 2*k = 86. Let u = 28 + w. Suppose 0*c = 3*c + 3*v + u, -2*c - 10 = 3*v. Determine y(c).
-6
Suppose 3*f - 2*n = -0*n + 8, 5*f - n = 11. Let w be f/17 + 64/34. Let a(v) = -5 + 5*v**w - 6*v**2 + 6 - 8*v. What is a(-6)?
13
Let c(y) = 32*y**3 - 2*y**2 + 7*y + 7. Let b(p) = -93*p**3 + 6*p**2 - 20*p - 19. Let g(h) = -4*b(h) - 11*c(h). Determine g(1).
20
Let j(d) = 10*d**2 - 14*d - 42. Let f(n) = -6*n**2 + 16*n + 41. Let c(i) = 4*f(i) + 3*j(i). What is c(-2)?
18
Suppose 184*u + 15 = 179*u, -i + 2*u = -13. Let d(g) = -g**3 + 6*g**2 + 2*g. Calculate d(i).
-35
Let s be 4 + -1 - 66/(6/(-3)). Let y = -40 + s. Let i(h) = 5*h**2 + 3*h**3 - h - 2*h**3 + 3*h + 0*h**3. Calculate i(y).
8
Suppose -4*x - t + 11 = 2*t, 2*x - 3*t = 1. Let j be 216/(-32)*x*(-2)/3. Let l(m) = -m**2 + 9*m + 7. Calculate l(j).
7
Let h(j) = -9*j - 2. Let x(m) be the third derivative of 1/3*m**3 - 1/20*m**5 - 8*m**2 + 0*m + 0 + 1/120*m**6 + 0*m**4. Let c be x(2). Determine h(c).
16
Let m(r) = -2*r - 2. Let a be m(-2). Suppose -20 = 3*p + a*p. Let u(x) be the first derivative of x**3/3 + 2*x**2 + 4*x - 5585. Cal